-51)).
-6
Calculate 30 + -53 + 10 - (2 + 1 + -11).
-5
-1 + -14 - (127 + -135)
-7
Evaluate ((-15 - -6) + 4 - -4) + 10.
9
Evaluate (0 - -19) + -4 - (4 - -4).
7
What is (-54 - -15 - -22) + 6?
-11
Calculate (2 - 6 - 3) + -6 + 11 + -6.
-8
What is -12 - (-6 - (-5 - -10))?
-1
What is the value of (0 - 2 - -3) + 2 + -3 + -10?
-10
(-1 - 7) + 54 + -6 + -56
-16
What is the value of 11 + (4 - (3 - -50 - (0 + 11)))?
-27
What is the value of -1 + (-2 - -2) + (-24 + 16 - -11)?
2
Calculate -7 + (14 - (-12 + 13)).
6
(-11 - -13) + -11 + -12
-21
Calculate 39 + -32 - (-2 - -10 - 0).
-1
What is (52 + -25 - 24) + (-1 - -2) + 6?
10
What is the value of -16 + ((11 - 12) + -7 - -16)?
-8
Evaluate 5 + -10 + (-7 + -1 - (-65 + 40)).
12
Evaluate (5 - -1) + (858 - 877).
-13
What is -3 - (-2 + 6) - -10?
3
What is 2 + -11 + 10 + 0 + 7?
8
Calculate (-16 - -23 - 16) + (-7 - -2).
-14
What is the value of 13 - (8 - -11) - -10?
4
Evaluate -6 + -2 - (-16 + 6 + -22).
24
What is 8 - (-21 - (1 + 1)) - 7 - 5?
19
What is the value of 15 - (26 + 30) - -35?
-6
7 + (4 - -4 - (9 + 24))
-18
Evaluate (5 - (13 + -5)) + (1 - -2) + 10.
10
What is the value of -10 + 16 + -4 - (3 - (-3 - 0))?
-4
What is 6 - (-11 - (-4 - 12))?
1
Calculate 4 - (3 + (20 - (-12 - -17))).
-14
What is 18 - ((-23 - -19) + -4)?
26
What is 11 + -1 + (-70 - -65) - (2 - -2)?
1
What is the value of -3 + 15 - (7 + 6 + -8)?
7
Evaluate -4 - (10 + 5 + -32).
13
What is 22 + -33 + 16 + (7 - 0) + -6?
6
129 + -125 + 3 + (-14 - 3)
-10
What is -18 + (1 + 1 - -7) + 18?
9
-1 + (-10 - (4 - 9 - -7)) + 3
-10
What is the value of (16 - (-1 + 24)) + 4?
-3
(-1 - -2) + 3 + -31 + -46 + 86
13
What is -31 - (-40 - 1 - -18)?
-8
Calculate 11 + 9 + -9 + -4 + 12.
19
4 - (-4 - (3 + -8 + 7 - -27))
37
4 + 3 - ((-8 - -8) + (7 - 11))
11
-8 - (-1 + 0 - -2 - 9)
0
Evaluate 2 - ((-4 - -10) + -12 - (-31 - 0)).
-23
Calculate 13 - (-2 + (6 + -4 - -27)).
-14
Calculate (44 - (10 - -96)) + 35.
-27
What is (-4 - -2) + 10 + (-57 - -24) + 12?
-13
153 - 150 - (7 + (-6 - -4))
-2
(-1 - 0) + 4 - (-22 - -13 - -4)
8
11 + (-20 - -1) - -4
-4
Evaluate -976 + 969 + 0 + -5 + 0.
-12
What is the value of 6 + 9 + -30 - (-6 - -2)?
-11
-22 - (9 + (6 - 20) + 8)
-25
-12 + (12 - (-5 - -4))
1
Calculate 1 - -8 - 3 - 7 - -10.
9
Calculate -2 + (-19 - (-1 - 8)) - -8.
-4
-7 - (-1 - (4 - 5) - 1 - -2)
-8
What is the value of (3 - 4) + 32 + -6 + -10 - 8?
7
What is 9 + (13 - 24) - -5?
3
Calculate (-3 - -9) + 8 + -37.
-23
Evaluate 5 + -6 + (3 - -10).
12
Calculate -1838 + 1855 + 13 + 1.
31
Calculate -5 - (5 - -7 - 9).
-8
What is the value of (-5 - 2 - (-17 + (-2 - -8))) + 7?
11
What is the value of 13 + -18 + (14 - 1 - 2)?
6
Evaluate (21 - 3) + (68 - 87).
-1
What is the value of (68 - 103) + 38 + -4?
-1
What is 4 - -9 - 22 - (-19 - -1)?
9
Calculate 0 + ((0 - -7) + -5 - -4) + -1.
5
Evaluate -3 - (-2 - -36 - 25).
-12
What is 1 - (-6 - 10) - -6 - -10?
33
-26 + (0 - (19 - 26))
-19
Calculate 34 + (10 - (8 + -6)) + (4 - 24).
22
What is 1 + -7 + -1 - (158 - 156)?
-9
Calculate 10 - (18 - -9 - 5).
-12
Calculate -1 - 16 - (9 + -24).
-2
Calculate -32 + (15 - (-19 + 6 - -27)).
-31
What is the value of -8 - ((6 - 7) + 12 + -17)?
-2
21 + 21 + -30 + 5
17
Evaluate 11 + (-1 - -1) + (-7 - -1).
5
Calculate 7 + 7 + 0 + 1 + -6.
9
What is the value of 25 - (-13 - (14 - 16) - -17)?
19
Calculate (0 - -9) + (33 - (-9 - -47)) - 24.
-20
What is the value of (-5 - 2) + (-35 - -29 - (-4 + 2))?
-11
What is the value of 3 + -17 - (365 - 354)?
-25
Evaluate -36 - -46 - (10 - -2).
-2
What is the value of 14 - (-5 - (-19 - 14))?
-14
What is (2 - (-4 - -2)) + -10 - (125 - 135)?
4
Evaluate -1 + (17 - (2 + 4)).
10
(1 - 5 - (-1 + -10)) + -79 + 88
16
What is the value of (-4 - 7 - -8) + -13 - (0 - 4)?
-12
(8 - 17) + 18 + -5
4
What is the value of (6 + 8 - 21) + (2 - 11)?
-16
What is -58 - (-16 - (20 + -9))?
-31
What is -4 - ((-1 + 4 - -5) + 26 + -8)?
-30
Calculate 30 - ((20 - -16) + -34).
28
Evaluate 1 + (7 - (-4 + 8 + 6 - 9)).
7
Evaluate -1 - 27 - (-13 - -1).
-16
1 - ((-4 - (-2 + -2)) + 2 + 0)
-1
What is the value of (-4 - (26 + -2)) + 48?
20
What is the value of 2 + 2 + -9 + 1 + 5 + 10?
11
Evaluate (-3 - (-1 - -6)) + (19 - 15).
-4
What is (33 - (5 - 3)) + 4 + (1 - 14)?
22
What is 9 + -12 + (-1 - -5) - 9?
-8
What is the value of 10 + (7 - 1 - 7 - 3)?
6
1 - 43 - (-12 - (-4 - 16) - 17)
-33
What is -23 - ((-5 - -13) + -16)?
-15
-24 - -9 - (-13 + (8 - 4))
-6
(1 - 5) + 2 - (-401 - -419)
-20
Evaluate 1 + (2 - -11 - 7).
7
Calculate (27 - 2) + -15 + 2 + -6.
6
What is the value of 22 + -52 + 13 - -11?
-6
What is 10 + -6 + 5 + -6?
3
23 + -18 + (-5 - 21 - (0 - 6))
-15
What is the value of 107 - 109 - (-5 + 3)?
0
Calculate 959 + -950 - (9 - (-1 + 1)).
0
What is -2 + (-22 - -1) + 0 - (-42 + 46)?
-27
What is the value of -30 + 69 - 22 - 22?
-5
-8 - -1 - (11 + 6) - -10
-14
What is 23 + -5 - (-1 - -1) - (-6 + 5)?
19
Evaluate 31 + -7 - (14 + (-10 - -4)).
16
What is the value of -14 - (1 + -17 + 24 + 2)?
-24
What is the value of -5 + (5 - -2) - (-3 - -6) - -6?
5
What is the value of (-1 + 0 - -3) + 49 + 27 + -91?
-13
What is (-14 - (-13 - -5)) + 15 + -2 + -6?
1
Calculate 5358 + -5385 - (-2 + -1 + 0).
-24
Calculate -17 - (3 - (-9 + 4) - 13).
-12
Evaluate 4 + (25 - 6) + -8 + 15.
30
What is the value of (9 - 1) + ((11 - 1) + -14 - 22)?
-18
Calculate -13 - -12 - 0 - 4.
-5
Evaluate -8 + 1 + (1 - (-8 + -5)).
7
(-5 - (-1 - -6)) + 11 - 1
0
What is the value of -52 - -44 - (2 - -6)?
-16
What is the value of 166 + -175 + (1 - 3) - (1 - -17)?
-29
-27 + 26 + -12 + 7 - -5
-1
Evaluate 5 + -3 + -2 + (6 - 9) - -19.
16
What is the value of (-11 - 5) + (3 - (-2 + 6 + 4))?
-21
What is the value of (-5 - -10) + -6 + 2 + 0?
1
Calculate 32 - (-4 + (-12 - -22)).
26
Evaluate -34 + 17 + 34 - 16.
1
What is (-1 - -2) + -4 + (2 - -15 - 1)?
13
Calculate -4 + 6 + -7 + (7 - -2).
4
Calculate -8 + (9 + -14 + -5 - -4).
-14
Evaluate (-11 - -1) + 0 + (-1 - -10).
-1
What is -8 + (-6 - -14) + -3 + 8 + -26?
-21
(59 - (62 + -22)) + 2 + -5
16
What is the value of -20 + 46 - (-2 - -17)?
11
-1 - ((-29 - -36) + 0 + 2)
-10
Evaluate 1 + 9 + (5 - 5).
10
What is 14 + (-2 - (-3 - 8 - -9 - 8))?
22
Calculate 24 + (21 - (40 + -6)).
11
What is -31 + (40 - 18 - 2)?
-11
What is 13 - 19 - (-32 - -24)?
2
What is -4 + -3 + (-2 - -6) + 7 + -3?
1
What is 36 + -2 - (-6 - (-14 + -4))?
22
Calculate (509 - 495) + (-1 + -1 - (3 - 3)).
12
What is the value of -10 - -26 - 6 - (34 + 1)?
-25
10 + (-14 - (8 + (-4 - -10)))
-18
What is -6 + 17 + (-3 - ((-25 - 2) + 0))?
35
What is the value of 0 + (1 + (1 - 7 - -1) - -7)?
3
-50 + (48 - 31) - (0 - 1)
-32
What is the value of 10 - -2 - (-56 - -71)?
-3
Evaluate 17 - (28 + 3 + -21).
7
Calculate (26 + 6 + -2 - 13) + 17.
34
Calculate 20 - (3 + 3 + -4 + -15 + 11).
22
What is the value of 29 + -17 + 22 + -32?
2
What is (0 - 15) + 13 + -4 + -1?
-7
What is the value of 0 + 1 + 1 + (8 - 37) + 9?
-18
Calculate 7 - 1 - (-9 - (0 - (3 + -1))).
13
What is -1 + 18 - (-131 - -130)?
18
(4 - 0) + -16 - (-10 + 17 - 1)
-18
(-685 - -683) + (0 - -29)
27
Calculate -4 + (-5 + 2 - -2) + 12.
7
Evaluate -3 + (0 + -5 - (9 - (17 - 10))).
-10
Calculate 11 - (-12 + -5 - (-9 + -48)).
-29
What is the value of (-222 - -224) + (0 - 11) - (-5 + -3)?
-1
(36 + -38 - (0 + 1)) + -3 + 15
9
8 + 7 + -12 + (-36 - 1) + 8
-26
(41 - 34 - 9) + 1 + -8
-9
15 + ((-2 - (-7 + 2)) + 10 - 8)
20
16 - (12 - (-59 + 11) - 15)
-29
(-5 - -3) + -2 + 13 - 5
4
What is -9 + 4 + (-2 + 6 - (23 + -22))?
-2
What is -64 + 65 + -37 + 0 - -7?
-29
Calculate 1 + 1 + (3 - (4 + (-7 - -4))).
4
Calculate (-6 - (-27 - -13)) + -17 + 3.
-6
Calculate 23 - ((5 - (-3 - -1)) + -2).
18
What is the value of 11 + -1 + 109 + -119 + (1 - 6)?
-5
What is 19 - (-16 + -5 + 16)?
24
What is the value of 15 - ((0 - -1) + (-320 - -309))?
25
Evaluate 23 + (11 - 30) + -21.
-17
Evaluate 12 - (-7 + 4 + (-2 + 3 - -6)).
8
Evaluate 1 + 1 + 0 + -16 + 7.
-7
What is -31 + (21 - 0) + (-35 - (-12 + -14))?
-19
Calculate (-5 + -5 + 7 - -1) + -1.
-3
What is the value of 11 - -1 - (44 + (-28 - -2))?
-6
Calculate -39 + 30 + (-2 + 9 - 3).
-5
Evaluate 6 + -8 + (2 - 6) + 5 - 3.
-4
What is -18 - -46 - (3 + 7)?
18
Evaluate 0 + -2 + -2 + (25 - -25) + -11.
35
Calculate 0 - -3 - (-1 + -25 - -18).
11
What is the value of -30 + 16 + 29 + (-7 - (-2 + -1))?
11
Evaluate (-17 - -2) + -6 + 16 + 5.
0
W